0. Let w = h + l. Calculate the remainder when w is divided by 35.
32
Suppose -270 = -18*z + 14 + 58. Calculate the remainder when 187 is divided by z.
16
Let p = 8618 + -8140. What is the remainder when p is divided by 161?
156
Suppose -2*w + 5*b - 138 = -869, -2*b = 4*w - 1522. What is the remainder when w is divided by 17?
4
Let m(k) = -4*k + 1. Let b = 3463 + -1472. Let r = b - 1973. Calculate the remainder when r is divided by m(-1).
3
Let a = 10 - 5. Let m be ((-3)/a)/((-27)/(-15) - 2). What is the remainder when 91 is divided by -6 + 10 - (6/m + -29)?
29
Calculate the remainder when 3971 is divided by (34/(-30) + 4/(-6))*84000/(-2016).
71
Let w = -1254 + 1480. Let f = -4 + 80. Calculate the remainder when w is divided by f.
74
Let a(i) = i**2 + 25*i - 10. Let n be 0 + -3*8/3. What is the remainder when n/3*96/(-8) is divided by a(-26)?
0
Suppose -3*w + 0*s = 5*s - 166, 168 = 3*w + 3*s. Suppose 0 = -41*g + 107 + w. Let u = 18 - 5. Calculate the remainder when u is divided by g.
1
Let p = -24 - 8. Let d = -29 - p. Calculate the remainder when 18 is divided by d.
0
Suppose 3*t = 63*x - 68*x + 496, 3*t = 12*x - 1221. Calculate the remainder when 128 is divided by x.
27
Suppose -k - 2*s = -41 + 34, 4*k + 4*s - 48 = 0. Let v be 4 + -2 - (-2 - -2). Suppose -3*j = v*j - 20. Calculate the remainder when k is divided by j.
1
Let r = 9 + -4. Suppose -r*t + i = -86, 2*i = -4*t + 5*i + 60. Let q(k) = k**3 + 8*k**2 + 8*k - 4. Calculate the remainder when q(-5) is divided by t.
13
Let t be ((-15)/6 - 0)*12/(-15). Suppose -5*m - a = -91, -t*m + 5*a = 3*a - 34. Let h = m + 11. Calculate the remainder when 84 is divided by h.
26
Let n(w) = -w**3 - 31*w**2 + 147*w + 297. What is the remainder when 404 is divided by n(-35)?
40
Let r be 5*-3 + 4/4. Let v = -10 - r. Suppose 36*j = 32*j + 4*d + 60, 0 = j - 5*d - 35. Calculate the remainder when j is divided by v.
2
Let l(f) = -f**2 + 10*f - 13. Let y be l(2). Calculate the remainder when 477 is divided by 1/y + 1673*8/168.
77
Let m(i) = -11*i**3 - i. Let k be m(-1). Let w be 1 - -3*(-8)/k. Calculate the remainder when 81 + (-3)/(-3)*w is divided by 21.
17
Let v(n) = -31*n + 403. Let q be v(12). Suppose -j = 3*s + 13, -8 = -s - s. Let r = q + j. What is the remainder when 21 is divided by r?
3
Let r be (-1 - -3) + (-2 - -2). Suppose -3*s + 8 = -r*s. What is the remainder when 89 is divided by 347/15 - s/60?
20
Let f = -338734 - -338740. Let y = 108 + -73. Suppose -4*t = x - y, -x + 2*t + 25 = -10. What is the remainder when x is divided by f?
5
Let q = 940 - 556. Suppose -370*d - 182 = -q*d. What is the remainder when 51 is divided by d?
12
Let i be (25/5)/(0 + 1). Suppose i*q - 215 = -4*u, -215 = -5*q + 2*u + 2*u. Let y(r) = -3*r + 66. What is the remainder when q is divided by y(14)?
19
What is the remainder when 198 is divided by 7/(-28) + (-808)/(-32)?
23
Let w = 3354 + -3215. Calculate the remainder when w is divided by 14.
13
Suppose -k = h + k - 125, -3*k + 515 = 4*h. Let f(o) = 68*o**3 - o**2 + 4*o - 3. What is the remainder when h is divided by f(1)?
63
Let b = 226 + -217. Let c(m) = -4*m + 48. What is the remainder when 44 is divided by c(b)?
8
Let i = 470 + -435. Let s = 1 + 65. What is the remainder when s is divided by i?
31
Suppose 5*m + 4*g = 4, 7 + 5 = m - 2*g. Calculate the remainder when 26 is divided by m.
2
Let n(u) = -2*u**2 - 13*u + 9. Let k be n(-7). Suppose -w + k + 12 = 0. Calculate the remainder when 51 is divided by w.
9
Let a(i) = -i**2 - 10*i - 19. Suppose 3*f + f - t = -51, f + 12 = t. Let x = -11 - f. Calculate the remainder when a(-6) is divided by x.
1
Let q(j) = 4*j**2 + 81*j + 31. Suppose 4*l - 8*l = -212. Let n = 12 + l. Calculate the remainder when n is divided by q(-20).
10
Let t be 20/(-8) + (-2)/4. Calculate the remainder when 362 is divided by (-7 + 56/12)*t.
5
Let c = -5408 - -5387. Let a(f) be the third derivative of f**6/120 + f**5/3 - 25*f**4/24 + f**2. What is the remainder when a(c) is divided by 29?
26
Let n = -28 + 39. Suppose c + 2 = -3*u, -13*c = -12*c - 4*u - 26. Let t(q) = 12*q - 90. What is the remainder when t(c) is divided by n?
8
Suppose -26*z - 2*a = -30*z + 5966, 0 = -2*a - 10. What is the remainder when z is divided by 22?
15
Suppose 25*s + 15150 = 40*s. What is the remainder when s is divided by 22?
20
Suppose 4*g - 28 = -d, -14*d = -13*d. Suppose -g*s = -2222 - 788. What is the remainder when s is divided by 16?
14
Let i = 3621 - 3567. Calculate the remainder when i is divided by 9.
0
Let t(k) = k**3 - 6*k**2 - 6*k - 6. Let q be t(7). Let m be q/(3/(-9)) - 6/(-1). Let v = m + 5. What is the remainder when 45 is divided by v?
5
Calculate the remainder when 10518 is divided by 5/(75/63)*5.
18
Let m be -3 + 8/(-4)*43. Let i = m - -131. Calculate the remainder when i is divided by 10.
2
Let n = 32 - 5. Let j(l) = 71*l + 9. What is the remainder when j(1) is divided by n?
26
Let t(s) be the third derivative of 7*s**5/10 - s**4/8 - s**3/2 - 3*s**2 + 5. Calculate the remainder when 94 is divided by t(-1).
10
Let l = -1413 + 2337. Let n = l - 911. Let j(v) = 6*v**2 + 2*v + 1. Calculate the remainder when j(-3) is divided by n.
10
Suppose 2*g = -5*s + 3879 + 7134, -4*g = 2*s - 4402. Calculate the remainder when s is divided by 548.
11
Let d(s) = s**3 + 5*s**2 + 11. Let j be d(-5). Suppose 0 = -4*z - j + 83. What is the remainder when (-285)/(-2) - 1/2 is divided by z?
16
Suppose -15*l + 4368 = -7*l + 4*l. What is the remainder when l is divided by 67?
29
Suppose -3*h - 2*m + 41 = 0, 4*m = h + 3*m - 22. Let s(i) = 28*i + 128. Calculate the remainder when s(h) is divided by 55.
54
Let q = -9147 - -10120. Calculate the remainder when q is divided by 260.
193
Suppose 10*j = -j. Suppose 2*t = -3*t + 3*r + 622, j = 4*r + 16. Calculate the remainder when t is divided by 31.
29
Let i = 21 + -7. Let h(b) = -7*b - 54. Let n be h(-7). What is the remainder when (n - 13/(-2))/((-3)/(-44)) is divided by i?
8
What is the remainder when 491 is divided by (-11 + (-5 - -18))*245?
1
Suppose a = 2*t + 30, 2*t - 61 - 49 = -4*a. Suppose l - 1054 = 2761. Suppose -8*r = -43*r + l. What is the remainder when r is divided by a?
25
Let i = -463 + 458. What is the remainder when 10 - (i - -3) - (-18)/6 is divided by 4?
3
Suppose 0 = -4*q - j - 15, q - 3*j = -0*q - 20. Let o = q + 17. Calculate the remainder when 91 is divided by o.
7
Let a = 94 - -20. Suppose -45 = -2*k + 5*y, a = 5*k + 2*y + 16. Calculate the remainder when 257 is divided by k.
17
Suppose 2*z - 1886 = -g, 4*g - 10184 = 5*z - 2705. Calculate the remainder when g is divided by 23.
13
Let p be (-100)/(-30)*((-72)/15)/(-4). Suppose -5*o - 256 = -p*i, 0*i - 307 = -5*i + 3*o. What is the remainder when i is divided by 11?
4
Let j(o) = -14*o - 41. Let z be (-2)/(18/179) - (-61)/(-549). Calculate the remainder when j(z) is divided by 60.
59
Suppose 8*y = 5*y + 675. Let w = y + -184. What is the remainder when 126 is divided by w?
3
Let s(o) = 0 + 1 - 9*o + 43*o**3 + 11*o**2 - 44*o**3. Let r = 190 + -186. What is the remainder when s(10) is divided by r?
3
Suppose 0 = 3*z + 20*n - 16*n - 2690, 5*z - 3*n - 4493 = 0. Calculate the remainder when z is divided by 12.
10
Let f(a) = 171*a + 4186. Calculate the remainder when 312 is divided by f(-24).
66
Suppose -5*a = -2*n + 40, -2*a - 33 - 25 = -5*n. Calculate the remainder when 276 is divided by n.
6
Suppose -15*k - 2 = -17*k. Let o be (-4185)/(-62) + ((-6)/4)/k. Calculate the remainder when 130 is divided by -3*o*4/(-18).
42
Let d = -64 + 109. Let t(k) = 58*k + 471. What is the remainder when d is divided by t(-8)?
3
Let y = 66 + -66. Suppose y = 19*b - 23*b + 84. Let w(c) = -2*c - 13. What is the remainder when b is divided by w(-12)?
10
Let i = 77 - 73. Calculate the remainder when (-60)/(-75) + 2 + 176/5 is divided by i.
2
Suppose 5*v - 9 = 2*y + y, 0 = 2*y - 4*v + 8. Suppose -b - y*d + 6*d = -32, 0 = b + 5*d + 4. What is the remainder when b is divided by 4*(211/68 - 1704/4828)?
5
Calculate the remainder when ((-2)/(-10) - (-81788)/460) + -9 is divided by 122.
47
Let q = -183 - -197. Let r(s) = -s**3 - 18*s**2 - 3*s + 42. Calculate the remainder when r(-18) is divided by q.
12
Let k = -3906 + 4081. Calculate the remainder when 861 is divided by k.
161
Suppose -4*t + 20 